 and l.
6
Suppose 205 = -14*f + 1633. What is the highest common factor of 51 and f?
51
Suppose -40115 - 73549 = 269*m - 317*m. Calculate the highest common divisor of 512 and m.
64
Let v be 45 - 3*4/6. Let f = -19 + v. Suppose -85*i - 4650 = -12810. Calculate the highest common factor of f and i.
24
Suppose 4*w = -7*k + 2*k + 201, -70 = -2*k + w. Suppose -24*j = -26*j + 4. Suppose 352 = j*u - 18. Calculate the greatest common factor of k and u.
37
Let i = 39538 + -39313. Suppose 5*l = -20, -5*m + 133 = -3*l + l. Calculate the greatest common factor of m and i.
25
Let z be (11 + -41)*-4 + -4. Calculate the greatest common factor of z and 5278.
58
Suppose 2*s - 77 = -3*k - 2*k, 17 = k + 2*s. Suppose -25 = 5*v, 2*y + v + k = -4*v. Let i = -18639 + 18644. What is the greatest common factor of y and i?
5
Let j(c) = c**2 - 17*c + 36. Let n be j(16). Suppose -5*v - n = 0, 3*g - v - 21 = 49. Calculate the greatest common divisor of 77 and g.
11
Suppose -15*o + 15843 + 6837 = 0. What is the highest common divisor of 27 and o?
27
Let y = -3 + 2. Let t be (1 - -5) + -4 - y/1. Let g be t*82/(-3)*(-2)/4. What is the greatest common factor of 82 and g?
41
Let k = 11 + -9. Let o be (-5)/(k/4*-2). Let v(y) = -y**2 + 8*y - 7. Let p be v(2). Calculate the highest common factor of o and p.
5
Let d = 21304 - 20760. Calculate the highest common factor of 2144 and d.
32
Suppose 35*g + 362367 = 63*g - 80537. What is the highest common divisor of g and 66?
22
Let h = -72 + 77. Let j be 4/14 - -598*h/70. What is the greatest common factor of 86 and j?
43
Let m = -85 - 219. Let s = -150 - m. Let j be 19 - (-2)/(4/6). What is the highest common divisor of s and j?
22
Let d(k) = -k**3 + 48*k**2 + 54*k - 369. Let m be d(48). What is the greatest common divisor of 351 and m?
117
Let q be (99/(-12))/(((-9)/56)/(12/7)). Suppose -7 = -r - 3. What is the greatest common divisor of q and r?
4
Suppose -12*q - 9*q + 206159 = -4*q. What is the highest common factor of 67 and q?
67
Let f(n) = 2*n**3 + 3*n**2 + 2*n + 2. Let i be f(-2). Let p be (-82)/(-4) + 3/i. Suppose 49*q = 3356 + 3504. Calculate the greatest common factor of q and p.
20
Let l(g) = 15*g + 29. Let m = -14 + 6. Let w be l(m). Let b = w + 94. Calculate the highest common factor of b and 21.
3
Suppose -4*a + 4 = -5*a. Let o be (-4)/16 - 33/a. Let s(z) = -674*z + 20252. Let y be s(30). What is the highest common factor of y and o?
8
Let a(q) = -24*q**2 - q + 6. Let x be a(2). Let n = x - -100. What is the greatest common divisor of n and 8?
8
Let d = 156 - 151. Suppose -t = d*l - 21, 8*t + 5*l = 4*t + 54. What is the greatest common factor of 99 and t?
11
Let q(y) = 166*y - 2204. Let b be q(19). What is the highest common divisor of b and 100?
50
Suppose -3*p + 193 = -479. Let n = 276 - p. What is the highest common divisor of 13 and n?
13
Suppose l + l - 3*i - 54 = 0, -i - 161 = -5*l. Suppose -4*n - 278 + 50 = 2*x, 5*x = 2*n + 90. Let v = n + 77. What is the greatest common factor of v and l?
11
Suppose 0 = 2644*q - 193*q - 578436. Let f = -11 - -15. What is the greatest common divisor of f and q?
4
Let v = 6804 - 6514. Calculate the highest common divisor of v and 1.
1
Let g(n) = -n**3 + 8*n**2 - n - 7. Let b be g(5). Let f be 0 - (-32 - 3) - 4. Let s = 40 - f. What is the highest common divisor of b and s?
9
Suppose 0 = 120*v - 123*v + 3*w + 57, 5*w = 3*v - 51. Let m = 4 - -5. Let x be (-1)/(m/3)*-33. Calculate the highest common factor of v and x.
11
Let k(n) = -2*n**3 + 24*n**2 + 9*n + 52. Let x be k(12). Calculate the highest common divisor of x and 1888.
32
Suppose -7 = -5*d - 2*y + 8, y - 6 = -2*d. Suppose 64 = 4*c - d*v - 62, -3*c - 4*v + 107 = 0. Calculate the greatest common factor of 143 and c.
11
Let i(d) = 223*d**2 - 6*d - 13. Let f be i(-1). Calculate the highest common factor of 2136 and f.
24
Let d = -726 + 741. Suppose 5*x = 3*z + 72, 0*x + 5*x = -5*z - 80. Let u = z + 29. Calculate the greatest common factor of u and d.
5
Let c = 131 - 127. Let d be 30 - 1 - (-13)/(52/8). Let n = -28 + d. What is the greatest common divisor of n and c?
1
Suppose 664 = n - 2*b, 4*n + 392 - 3036 = 4*b. Let o = 693 - n. Let p be 15/1 - (1 - 0). What is the greatest common divisor of p and o?
7
Suppose 269 = 9*j + 251. Let z be (8 - 139/j)*-2. Let n(k) = -2*k**3 - 2*k**2 + 4*k + 2. Let f be n(-4). What is the highest common divisor of f and z?
41
Let w be (-852)/(-4047) - (-5768)/38. Calculate the highest common divisor of w and 46.
2
Let g be 58 - 0/(-1 + -4). Let v = 64 - g. Let p be (v/(-18))/(1 + 43/(-42)). What is the highest common factor of 84 and p?
14
Suppose 192*r - 170 = -4*b + 190*r, -3*b = -3*r - 96. What is the highest common divisor of 637 and b?
13
Let d be 171 - 23 - 4/(-1). What is the greatest common factor of 64 and d?
8
Let p be (-285)/38*(-36)/15. Suppose 1260 = p*l - 4*l. Suppose -36 = 2*u + 3*i - 96, -4*i - 16 = 0. What is the greatest common divisor of u and l?
18
Suppose 43 = -14*q - 27. Let g be 1/3 + ((-615)/9)/q. Let w be ((-10)/15)/((-1)/3). Calculate the greatest common factor of g and w.
2
Let k = 7634 + -3272. What is the highest common factor of 6 and k?
6
Let c(s) = -s**3 - 19*s**2 + 323*s - 191. Let l be c(-30). Calculate the greatest common factor of 25460 and l.
19
Suppose -2*n = 0, 0 = 4*o - 5*o + 3*n - 291. Let u = -183 - o. Calculate the highest common divisor of 12 and u.
12
Suppose 54*w - 4535 = 1. Calculate the greatest common factor of w and 1204.
28
Suppose -46 = -4*t + 4*l + 62, -l + 45 = 2*t. Let z = 190 + -163. Let o = 39 - z. What is the greatest common divisor of o and t?
12
Let y = 5691 + -5379. Calculate the highest common factor of y and 2730.
78
Suppose 14622*s - 14589*s - 594 = 0. Let m = 162 - -72. Calculate the highest common divisor of m and s.
18
Suppose 7702 = 39*u - 1174 - 1771. What is the highest common factor of 156 and u?
39
Suppose -113*a + 201*a + 580200 = 128*a. What is the highest common factor of 15 and a?
15
Suppose -5*j - 2*o + 7 = 0, 2*j - o - 13 = -j. Let t be (3 + (-20)/j)*-3 + 2. What is the greatest common factor of 247 and t?
13
Suppose -391 = -4*c + 5*r, 3*c = -1425*r + 1430*r + 292. Let f = 51 + -29. Calculate the highest common divisor of f and c.
11
Let z be (2 + -4)/(4/415*(-15)/6). Suppose 2*k + 83 = 3*k. What is the greatest common divisor of k and z?
83
Let b = 16 - 8. Suppose 10*i + 7*h = 7*i + 71, h - 193 = -5*i. What is the greatest common factor of b and i?
8
Suppose 227 + 169 = 22*i. Let c be (-45)/(-10)*12/i. What is the greatest common divisor of c and 57?
3
Suppose -3*r - 152 = 3*z - 395, 5*r - 305 = 5*z. Suppose -14 = -5*y - 4. What is the highest common factor of y and r?
1
Let i(v) = -2*v**3 - 20*v**2 - 2*v - 6. Let w be i(-10). Suppose 280*z = 277*z + 399. Calculate the highest common factor of z and w.
7
Let o be ((-45)/(-6))/(2/28). Let g(s) = -47*s**3 - 6*s**2 - 6*s. Let u be g(-3). Let x = 1268 - u. Calculate the highest common factor of o and x.
35
Let f = -67 - -418. Suppose -2*d - 3*x = 14 - 130, 4*d + x - 212 = 0. Suppose 2*h = -2*h + d. Calculate the greatest common divisor of h and f.
13
Suppose 3*u = -u + 76. Suppose -18*m = -u*m + 4. Suppose m*q + 4 = 64. Calculate the highest common factor of 3 and q.
3
Suppose -10*m + 6 = -7*m. Suppose -m*w + 145 = 5*r - 151, -3*r + 2*w = -184. Calculate the greatest common divisor of 210 and r.
30
Suppose 3*f + 1626 = 5*v, 28*f = 4*v + 23*f - 1306. What is the greatest common divisor of v and 4698?
162
Suppose -1125*w = -1133*w + 320. Calculate the highest common divisor of 2140 and w.
20
Suppose -2*c - 59 = 2*g - 295, -c - 5*g = -114. Calculate the greatest common factor of 5593 and c.
119
Let l(w) = w**2 - 97*w - 401. Let q be l(101). Calculate the highest common divisor of q and 5901.
3
Suppose -142 + 520 = 6*j. Let z(i) = 2*i**2 - 82*i - 12. Let s be z(42). What is the highest common factor of s and j?
9
Suppose 23*l - 18959 = -5113. Calculate the highest common divisor of 774 and l.
86
Let u(b) be the third derivative of -b**6/120 - 19*b**5/60 - 17*b**4/24 + 5*b**3 - 55*b**2 - b. Let n be u(-18). What is the greatest common factor of n and 42?
6
Suppose -7*t - 5444 + 5664 = 4*t. What is the highest common divisor of t and 10?
10
Let y(o) = 25*o**2 + 133*o + 1032. 